= 3 - n. List the prime factors of u.
3
Let q = -81 + 212. List the prime factors of q.
131
List the prime factors of -3*((-3)/(-1) + -58 - 3).
2, 3, 29
Let v be 46/3*(-3)/(-1). Suppose -w + v = -0*w. Suppose -4*g + 3*f = -42, 5*g - 2*g = -5*f + w. List the prime factors of g.
2, 3
Let q be ((-8)/3)/((-3)/9). What are the prime factors of q*2 - (-8)/(-4)?
2, 7
Suppose -4*h + 13 = -j, -h + 0 - 2 = -2*j. Suppose -r = -4*o - 19 + 2, j*r - 5*o - 65 = 0. List the prime factors of r.
5
Let l = -3 + 5. Suppose -33 = -y - t, -92 = -3*y + 6*t - l*t. What are the prime factors of y?
2
Suppose k - 15 = 24. List the prime factors of k.
3, 13
Let x(n) = -n**2. Let o(w) be the second derivative of -w**5/20 + w**4/6 + 4*w. Let m(p) = -2*o(p) - 3*x(p). What are the prime factors of m(2)?
2, 3
Let a(p) be the second derivative of -p**4/12 + 11*p**2/2 - 2*p. Let v = -1 + 1. What are the prime factors of a(v)?
11
Let p(f) = f**2 - f. Let o be p(-2). Suppose -3*w - o = -6*w. Suppose -w*m = -m - 16. List the prime factors of m.
2
Suppose 2*x - 466 = 4*h, -6*x + 5*x + 4*h = -243. What are the prime factors of x?
223
Let i be ((-4)/10)/(3/(-15)). Suppose -4*d - 16 = 0, 0*d + 4 = 4*b + d. Suppose 2*q = p - 2*q + 6, -i*q = -p - b. List the prime factors of p.
2
Suppose 3*r = t + 127, -2*r + 3*t + 94 = -0*t. List the prime factors of r.
41
Let n(y) = -3*y + 10. Let t(p) = p - 1. Let m(a) = n(a) + 4*t(a). Let d be m(-4). Suppose d*u = 6*u - 32. What are the prime factors of u?
2
Suppose 3*t - 1 = 2. Let b be 2 - (-21 + 0)*t. Suppose b = 2*a + 9. What are the prime factors of a?
7
What are the prime factors of ((-540)/(-9))/(2 - 0)?
2, 3, 5
Let x = -11 + 11. Suppose 5*h - 8 - 2 = 0. Let w = h - x. What are the prime factors of w?
2
Let m(k) = -3*k - k - 2*k + 4 - k**2. Let x be -8 + (1 - 2 - -4). List the prime factors of m(x).
3
Suppose -2*p = i - 146, -109 + 18 = -p - 5*i. List the prime factors of p.
71
Suppose -3*g + 5 = -f, 2*f = f - g - 1. What are the prime factors of 140/25 + f/(-5)?
2, 3
Let o = -6 - -25. List the prime factors of o.
19
Let t = 82 + -48. List the prime factors of t.
2, 17
Let r be 4 + -4 + (-3)/(-1). Suppose 67 = r*h - 11. List the prime factors of h.
2, 13
What are the prime factors of (5 - 7) + (-33)/3*-7?
3, 5
Let p be 2 + (-3 + 3)/(-2). Let y(x) = 7*x**p + 2*x**2 + 1 + 5*x**2. What are the prime factors of y(-1)?
3, 5
Suppose 12*o = 16*o + 220. Let c = o - -92. What are the prime factors of c?
37
Let q be -1 - (-15)/(6 + -3). Suppose -8 = -q*x, 3*x - 27 + 11 = -5*n. What are the prime factors of n?
2
Suppose -a + 2*a = 6. List the prime factors of -5*2*a/(-4).
3, 5
Let g(o) = o**2 + 4*o + 7. Let f be g(-5). Let c be 9/f - (-27)/(-4). What are the prime factors of (-1 - -4)/c*-22?
11
Suppose 4*s - 24 = 2*f, 0 = -5*f + 4*f. Let c = -3 + s. Let t(d) = -d + 5. What are the prime factors of t(c)?
2
Let j(z) = -z**3 - 2*z**2 - z + 2. Let a be j(-2). Suppose -2*t = -a*t + 36. What are the prime factors of t?
2, 3
Let u = 225 - 91. List the prime factors of u.
2, 67
Let a be ((-9)/6)/(6/(-56)). Let z = a - 1. List the prime factors of z.
13
Let a be (1 - -1)/2 - 3. Let l be a/2 - (-2)/1. Suppose 3*p - l = -4*v, 7*v - 7 = 4*v - p. List the prime factors of v.
2
Suppose -g + 4*c + 12 = 0, 3*g + c + 4*c + 15 = 0. Let r = g + 8. List the prime factors of r.
2
Let l be (-2)/6 + (-84)/(-9). List the prime factors of 3*(-6)/l + 15.
13
Let g(c) = 5*c**2 + c - 1. What are the prime factors of g(-3)?
41
Suppose -4*n + 50 + 2 = 0. List the prime factors of n.
13
Let u be (-34 + -2)/(-3) + -1. Suppose 2*m - u = 13. Let a = m + -1. What are the prime factors of a?
11
Suppose 2*c = 6 - 2. Suppose 3 = -v - c. What are the prime factors of 5*(-1 + (-8)/v)?
3
Suppose 7*o - 687 = 1224. List the prime factors of o.
3, 7, 13
Let y(a) = -a - 1. Let m be y(-3). Suppose -15 = m*n - 5*n. List the prime factors of n.
5
Let n be (-75)/10*(-8)/(-6). Let b = n - -19. What are the prime factors of b?
3
Let p = 8 - -83. List the prime factors of p.
7, 13
Suppose -2*b = -l - 1, b + 1 = -2*b - l. Suppose 4*q - 4*z = -q + 158, q - 2*z - 34 = b. List the prime factors of q.
2, 3, 5
Suppose -m - 3 = 0, b - 2*m + 2 = 3*b. What are the prime factors of b?
2
Let v = -12 - -6. Suppose 6*r = r - 10. Let s = r - v. What are the prime factors of s?
2
Let c(v) = v + 1. Let w be c(-6). Let d = 10 - w. What are the prime factors of d?
3, 5
Suppose 20 = 5*q, -5*q - 18 = 2*a - 60. What are the prime factors of a?
11
Let a(j) = 2*j**2. Suppose -2*v = -v - 3*m - 1, m - 3 = -3*v. Let k be a(v). Suppose 0 = x - 0*x - k. What are the prime factors of x?
2
Let k(h) = -5*h**2 - 10*h + 8. Let p(n) = n**2 + n - 1. Let j(f) = -k(f) - 4*p(f). Suppose 0 = -0*r + 3*r + 24. What are the prime factors of j(r)?
2, 3
Let s be 6/(-2 - -4 - 3). What are the prime factors of 2/s + (-168)/(-18)?
3
Suppose -9*w + 1697 = 14. What are the prime factors of w?
11, 17
Suppose 0 = 11*a + 2*a - 767. List the prime factors of a.
59
Let z(t) = -t**3 + 7*t**2 - 6*t + 11. Suppose 2*n - 6 = y, -3*y + 17 = 2*n - n. What are the prime factors of z(n)?
31
Let j = -4 - 0. Let x = -21 + 9. Let o = j - x. List the prime factors of o.
2
Let m(u) = u**2 + 10*u + 9. Let y be m(-9). Suppose -4*k - 4*c + 13 - 1 = y, 3*k - 2*c = 4. What are the prime factors of k?
2
Suppose -3*i + 527 = -i + x, -1039 = -4*i + 3*x. What are the prime factors of i/12 + (-2)/(-12)?
2, 11
Let f = 137 + -81. Let n = f - 37. What are the prime factors of n?
19
Suppose -2*r + 91 + 45 = 0. List the prime factors of r.
2, 17
Let l = 21 - -2. Suppose -4*a - 5*r + 46 = 0, a - l = -2*a + 2*r. What are the prime factors of a?
3
Suppose 3*s - 7*s + 2*j = 14, -j = 4*s + 5. Let p = 6 - s. List the prime factors of p.
2
Let g(t) be the third derivative of 1/24*t**4 - 2*t**2 + 0*t**3 + 0 + 0*t. List the prime factors of g(10).
2, 5
Let i = -28 - -45. List the prime factors of i.
17
Let d = -30 - -56. Suppose -w - w - d = 0. List the prime factors of 0/(-3) + -3 - w.
2, 5
Suppose -4*i + 4*s = -8, 0 = -4*s + 7*s - 12. List the prime factors of i.
2, 3
Let h be 18/6 + (0 - -7). What are the prime factors of h/6*3 - 1?
2
Suppose z - 1 = 6*z - g, 0 = z - 4*g + 4. Let y = 2 + z. Suppose -y*d + 23 - 7 = 0. List the prime factors of d.
2
Suppose 6*w = -8*w + 1890. What are the prime factors of w?
3, 5
Let x(p) = 75*p + 2. What are the prime factors of x(3)?
227
Let q(j) = -6*j**3 - j**2 - 2*j - 1. Let i be q(-1). Suppose f = i*f + 5. List the prime factors of 42/4 - f/(-2).
2, 5
Let a = 51 + -2. List the prime factors of a.
7
Suppose 3*c + 2*o = -5 + 12, 2*o = -2*c + 6. Let f be (1 + -6)*c - -1. Let s = 10 + f. List the prime factors of s.
2, 3
Let i(u) = u**3 - 5*u**2 - 6*u + 6. Let n be i(6). Let r = n - 3. Suppose -6 = 2*g - r*g. List the prime factors of g.
2, 3
Let l be (-2)/4*-4 + 0. What are the prime factors of 57/6 - 3/l?
2
Suppose 0*w = 5*w - 170. List the prime factors of w.
2, 17
Suppose -4*j = 4*n - 60, 4*n = -5*j + 2*n + 63. List the prime factors of j.
11
Suppose -q - 6*i = -i - 44, 4*i + 89 = q. Suppose -q = -3*d - 0*d. List the prime factors of (d + -1)/(4 + -2).
11
Suppose 7*j = 2*j. Let b = 2 + j. What are the prime factors of (0 - 4)/(b/(-4))?
2
Suppose -12*z = -16*z + 1116. List the prime factors of z.
3, 31
What are the prime factors of (-69)/(-3)*(6 - 5)?
23
Let f = -22 + 22. Suppose f = -4*s + 7*s - 78. What are the prime factors of s?
2, 13
Let y(r) = -16*r**3 + r**2. Let w be y(1). What are the prime factors of (-17)/(-5) - (-6)/w?
3
Let b = 0 + 4. Suppose 3 = -4*g - 3*l, -3*g = -4*g - b*l - 4. List the prime factors of (g + 6/4)*8.
2, 3
Let a(h) = 3*h**2 - 9*h + 5. What are the prime factors of a(4)?
17
Suppose 7*n - 3*n = 2*q + 4, -2*n = 2*q - 14. Let g(r) = -r**n - r**2 - r + 2*r**2 + 7 - 4. List the prime factors of g(0).
3
Suppose 45 = y - 5. List the prime factors of y.
2, 5
Let l(q) = 3*q**2 + 24*q - 6. Let m(x) = -x**2 - 8*x + 2. Let f(y) = -6*l(y) - 17*m(y). List the prime factors of f(-6).
2, 7
Suppose 2*k + 105 = 5*m - 396, 2*m = 2*k + 204. What are the prime factors of m?
3, 11
Let l(x) be the third derivative of -x**5/60 - 7*x**4/24 - 7*x**3/6 - 3*x**2. What are the prime factors of l(-5)?
3
Suppose -10*t + 2*t + 1016 = 0. What are the pri